n 6530 is divided by 1433.
798
What is the remainder when 1082975 is divided by 312?
23
Calculate the remainder when 7380 is divided by 669.
21
What is the remainder when 241073 is divided by 340?
13
What is the remainder when 151872 is divided by 50622?
6
What is the remainder when 369047 is divided by 115?
12
What is the remainder when 237 is divided by 104?
29
Calculate the remainder when 2098 is divided by 340.
58
Calculate the remainder when 5261 is divided by 373.
39
What is the remainder when 639773 is divided by 164?
9
What is the remainder when 3898 is divided by 63?
55
What is the remainder when 6082 is divided by 504?
34
Calculate the remainder when 2075 is divided by 189.
185
What is the remainder when 3537 is divided by 193?
63
Calculate the remainder when 28884 is divided by 278.
250
What is the remainder when 45405 is divided by 257?
173
Calculate the remainder when 446818 is divided by 111703.
6
Calculate the remainder when 1204 is divided by 81.
70
Calculate the remainder when 14563 is divided by 15.
13
What is the remainder when 394 is divided by 58?
46
Calculate the remainder when 1568 is divided by 384.
32
What is the remainder when 3673 is divided by 230?
223
What is the remainder when 9754 is divided by 2437?
6
What is the remainder when 1657 is divided by 548?
13
What is the remainder when 30038 is divided by 81?
68
What is the remainder when 45912 is divided by 1093?
6
Calculate the remainder when 2582 is divided by 852.
26
Calculate the remainder when 193705 is divided by 193692.
13
Calculate the remainder when 285 is divided by 124.
37
Calculate the remainder when 727358 is divided by 242449.
11
Calculate the remainder when 1786 is divided by 418.
114
Calculate the remainder when 305 is divided by 111.
83
What is the remainder when 744439 is divided by 148?
147
What is the remainder when 2936 is divided by 475?
86
What is the remainder when 3834 is divided by 167?
160
What is the remainder when 1754 is divided by 571?
41
What is the remainder when 9179 is divided by 224?
219
Calculate the remainder when 29939 is divided by 18.
5
What is the remainder when 84956 is divided by 7722?
14
What is the remainder when 3407 is divided by 672?
47
Calculate the remainder when 1099679 is divided by 232.
231
What is the remainder when 7334 is divided by 204?
194
Calculate the remainder when 3002 is divided by 426.
20
What is the remainder when 12388 is divided by 106?
92
What is the remainder when 25339 is divided by 239?
5
What is the remainder when 1383040 is divided by 8644?
0
What is the remainder when 169787 is divided by 385?
2
What is the remainder when 7130 is divided by 577?
206
Calculate the remainder when 32265 is divided by 4589.
142
What is the remainder when 739147 is divided by 161?
157
What is the remainder when 989 is divided by 288?
125
Calculate the remainder when 4233 is divided by 603.
12
Calculate the remainder when 787 is divided by 112.
3
What is the remainder when 4144 is divided by 178?
50
What is the remainder when 52171 is divided by 492?
19
Calculate the remainder when 7755 is divided by 2572.
39
Calculate the remainder when 1466 is divided by 322.
178
Calculate the remainder when 31619 is divided by 18.
11
Calculate the remainder when 6407 is divided by 102.
83
What is the remainder when 513148 is divided by 311?
309
Calculate the remainder when 10636 is divided by 9.
7
Calculate the remainder when 253063 is divided by 721.
713
Calculate the remainder when 1873 is divided by 811.
251
What is the remainder when 77199 is divided by 186?
9
What is the remainder when 7705 is divided by 117?
100
What is the remainder when 7674 is divided by 60?
54
What is the remainder when 118968 is divided by 9912?
24
Calculate the remainder when 3293 is divided by 175.
143
What is the remainder when 5103 is divided by 1782?
1539
What is the remainder when 1710 is divided by 52?
46
What is the remainder when 2035 is divided by 1934?
101
What is the remainder when 172748 is divided by 203?
198
Calculate the remainder when 1884 is divided by 88.
36
What is the remainder when 76303 is divided by 12697?
121
Calculate the remainder when 31425 is divided by 242.
207
What is the remainder when 252360 is divided by 8412?
0
Calculate the remainder when 9665 is divided by 1606.
29
What is the remainder when 511 is divided by 23?
5
What is the remainder when 2600 is divided by 626?
96
Calculate the remainder when 848 is divided by 449.
399
What is the remainder when 2013 is divided by 26?
11
Calculate the remainder when 3599 is divided by 42.
29
Calculate the remainder when 255461 is divided by 78.
11
What is the remainder when 202443 is divided by 67469?
36
What is the remainder when 1402 is divided by 692?
18
Calculate the remainder when 919 is divided by 8.
7
What is the remainder when 1730311 is divided by 401?
397
What is the remainder when 98726 is divided by 10968?
14
What is the remainder when 1780968 is divided by 47?
44
Calculate the remainder when 18871 is divided by 127.
75
Calculate the remainder when 38676 is divided by 9.
3
What is the remainder when 2842 is divided by 933?
43
Calculate the remainder when 154228 is divided by 17134.
22
What is the remainder when 4221 is divided by 213?
174
Calculate the remainder when 30801 is divided by 119.
99
What is the remainder when 25975 is divided by 75?
25
What is the remainder when 121407 is divided by 9?
6
Calculate the remainder when 21194 is divided by 962.
30
What is the remainder when 1344 is divided by 668?
8
What is the remainder when 10089 is divided by 2?
1
What is the remainder when 295514 is divided by 33?
32
Calculate the remainder when 3353 is divided by 280.
273
Calculate the remainder when 10819 is divided by 73.
15
What is the remainder when 123300 is divided by 37?
16
What is the remainder when 18853 is divided by 633?
496
What is the remainder when 19195 is divided by 2736?
43
What is the remainder when 134061 is divided by 67024?
13
Calculate the remainder when 1592 is divided by 265.
2
What is the remainder when 394910 is divided by 28?
26
What is the remainder when 8531 is divided by 373?
325
Calculate the remainder when 185554 is divided by 92774.
6
What is the remainder when 45303 is divided by 221?
219
Calculate the remainder when 4993748 is divided by 19.
16
Calculate the remainder when 4919 is divided by 82.
81
Calculate the remainder when 1145 is divided by 245.
165
Calculate the remainder when 2043366 is divided by 9.
6
What is the remainder when 10430 is divided by 10422?
8
Calculate the remainder when 1308 is divided by 419.
51
What is the remainder when 28122 is divided by 9?
6
Calculate the remainder when 134280 is divided by 218.
210
What is the remainder when 2063 is divided by 215?
128
What is the remainder when 27091 is divided by 343?
337
What is the remainder when 128156 is divided by 178?
174
Calculate the remainder when 146140 is divided by 207.
205
What is the remainder when 9010 is divided by 4428?
154
Calculate the remainder when 1141 is divided by 457.
227
What is the remainder when 35918 is divided by 3?
2
Calculate the remainder when 7118 is divided by 1185.
8
Calculate the remainder when 1093 is divided by 28.
1
What is the remainder when 59121 is divided by 287?
286
What is the remainder when 1278641 is divided by 1369?
1364
What is the remainder when 20212 is divided by 19?
15
What is the remainder when 83638 is divided by 375?
13
Calculate the remainder when 32852 is divided by 313.
300
What is the remainder when 38519 is divided by 99?
8
What is the remainder when 637 is divided by 303?
31
Calculate the remainder when 49722 is divided by 237.
189
What is the remainder when 1902 is divided by 764?
374
What is the remainder when 13214 is divided by 6389?
436
What is the remainder when 24777 is divided by 282?
243
Calculate the remainder when 878 is divided by 168.
38
What is the remainder when 831 is divided by 342?
147
What is the remainder when 47991 is divided by 117?
21
Calculate the remainder when 1340 is divided by 224.
220
Calculate the remainder when 10914 is divided by 3559.
237
What is the remainder when 2207 is divided by 34?
31
Calculate the remainder when 11398 is divided by 1424.
6
What is the remainder whe